CRAN Package Check Results for Package stplanr

Last updated on 2022-01-26 11:53:53 CET.

Flavor Version Tinstall Tcheck Ttotal Status Flags
r-devel-linux-x86_64-debian-clang 0.8.6 67.89 369.81 437.70 OK
r-devel-linux-x86_64-debian-gcc 0.8.6 52.00 276.50 328.50 OK
r-devel-linux-x86_64-fedora-clang 0.8.6 551.24 OK
r-devel-linux-x86_64-fedora-gcc 0.8.6 543.89 OK
r-devel-windows-x86_64-new-UL 0.8.6 182.00 499.00 681.00 OK
r-devel-windows-x86_64-new-TK 0.8.6 OK
r-patched-linux-x86_64 0.8.6 70.05 351.20 421.25 OK
r-release-linux-x86_64 0.8.6 62.98 342.31 405.29 OK
r-release-macos-arm64 0.8.6 NOTE
r-release-macos-x86_64 0.8.6 NOTE
r-release-windows-ix86+x86_64 0.8.6 159.00 659.00 818.00 NOTE
r-oldrel-macos-x86_64 0.8.6 NOTE
r-oldrel-windows-ix86+x86_64 0.8.6 163.00 675.00 838.00 NOTE

Check Details

Version: 0.8.6
Check: installed package size
Result: NOTE
     installed size is 5.5Mb
     sub-directories of 1Mb or more:
     libs 2.2Mb
Flavors: r-release-macos-arm64, r-release-macos-x86_64, r-release-windows-ix86+x86_64, r-oldrel-macos-x86_64, r-oldrel-windows-ix86+x86_64