Last updated on 2022-07-01 11:52:12 CEST.
Flavor | Version | Tinstall | Tcheck | Ttotal | Status | Flags |
---|---|---|---|---|---|---|
r-devel-linux-x86_64-debian-clang | 2.3 | 2.29 | 25.08 | 27.37 | OK | |
r-devel-linux-x86_64-debian-gcc | 2.3 | 1.83 | 19.89 | 21.72 | OK | |
r-devel-linux-x86_64-fedora-clang | 2.3 | 44.54 | NOTE | |||
r-devel-linux-x86_64-fedora-gcc | 2.3 | 43.90 | NOTE | |||
r-devel-windows-x86_64 | 2.3 | 34.00 | 50.00 | 84.00 | OK | |
r-patched-linux-x86_64 | 2.3 | 2.56 | 24.81 | 27.37 | OK | |
r-release-linux-x86_64 | 2.3 | 2.01 | 24.50 | 26.51 | OK | |
r-release-macos-arm64 | 2.3 | 16.00 | NOTE | |||
r-release-macos-x86_64 | 2.3 | 25.00 | NOTE | |||
r-release-windows-x86_64 | 2.3 | 64.00 | 53.00 | 117.00 | OK | |
r-oldrel-macos-arm64 | 2.3 | 17.00 | NOTE | |||
r-oldrel-macos-x86_64 | 2.3 | 23.00 | NOTE | |||
r-oldrel-windows-ix86+x86_64 | 2.3 | 6.00 | 46.00 | 52.00 | OK |
Version: 2.3
Check: data for non-ASCII characters
Result: NOTE
Note: found 22806 marked UTF-8 strings
Flavors: r-devel-linux-x86_64-fedora-clang, r-devel-linux-x86_64-fedora-gcc, r-release-macos-arm64, r-release-macos-x86_64, r-oldrel-macos-arm64, r-oldrel-macos-x86_64