CRAN Package Check Results for Package stops

Last updated on 2024-02-25 10:54:39 CET.

Flavor Version Tinstall Tcheck Ttotal Status Flags
r-devel-linux-x86_64-debian-clang 1.0-1 25.86 214.89 240.75 OK
r-devel-linux-x86_64-debian-gcc 1.0-1 22.06 158.52 180.58 OK
r-devel-linux-x86_64-fedora-clang 1.0-1 299.97 NOTE
r-devel-linux-x86_64-fedora-gcc 1.0-1 302.21 OK
r-devel-windows-x86_64 1.0-1 24.00 181.00 205.00 OK
r-patched-linux-x86_64 1.0-1 35.09 204.72 239.81 OK
r-release-linux-x86_64 1.0-1 28.80 206.68 235.48 OK
r-release-macos-arm64 1.0-1 89.00 OK
r-release-macos-x86_64 1.0-1 121.00 OK
r-release-windows-x86_64 1.0-1 32.00 222.00 254.00 OK
r-oldrel-macos-arm64 1.0-1 74.00 OK
r-oldrel-windows-x86_64 1.0-1 29.00 210.00 239.00 OK

Check Details

Version: 1.0-1
Check: Rd cross-references
Result: NOTE Undeclared package ‘dbscan’ in Rd xrefs Flavor: r-devel-linux-x86_64-fedora-clang