CRAN Package Check Results for Package stepjglm

Last updated on 2025-11-24 12:51:21 CET.

Flavor Version Tinstall Tcheck Ttotal Status Flags
r-devel-linux-x86_64-debian-clang 0.0.1 8.12 73.89 82.01 NOTE
r-devel-linux-x86_64-debian-gcc 0.0.1 6.31 54.65 60.96 NOTE
r-devel-linux-x86_64-fedora-clang 0.0.1 18.00 107.81 125.81 OK
r-devel-linux-x86_64-fedora-gcc 0.0.1 18.00 105.07 123.07 OK
r-devel-windows-x86_64 0.0.1 11.00 83.00 94.00 OK
r-patched-linux-x86_64 0.0.1 8.09 72.94 81.03 OK
r-release-linux-x86_64 0.0.1 8.65 71.44 80.09 OK
r-release-macos-arm64 0.0.1 OK
r-release-macos-x86_64 0.0.1 8.00 83.00 91.00 OK
r-release-windows-x86_64 0.0.1 12.00 94.00 106.00 OK
r-oldrel-macos-arm64 0.0.1 OK
r-oldrel-macos-x86_64 0.0.1 6.00 53.00 59.00 OK
r-oldrel-windows-x86_64 0.0.1 14.00 99.00 113.00 OK

Check Details

Version: 0.0.1
Check: CRAN incoming feasibility
Result: NOTE Maintainer: ‘Leandro A. Pereira <leandro.ap@ufu.br>’ The Description field contains hypothesis test. Pinto & Pereira (2021) <arXiv:2109.07978>. Please refer to arXiv e-prints via their arXiv DOI <doi:10.48550/arXiv.YYMM.NNNNN>. Flavors: r-devel-linux-x86_64-debian-clang, r-devel-linux-x86_64-debian-gcc