CRAN Package Check Results for Package stepgbm

Last updated on 2022-07-07 12:55:36 CEST.

Flavor Version Tinstall Tcheck Ttotal Status Flags
r-devel-linux-x86_64-debian-clang 1.0.0 2.82 23.16 25.98 OK
r-devel-linux-x86_64-debian-gcc 1.0.0 2.32 18.07 20.39 OK
r-devel-linux-x86_64-fedora-clang 1.0.0 44.03 NOTE
r-devel-linux-x86_64-fedora-gcc 1.0.0 40.65 NOTE
r-devel-windows-x86_64 1.0.0 10.00 51.00 61.00 OK
r-patched-linux-x86_64 1.0.0 3.07 22.80 25.87 OK
r-release-linux-x86_64 1.0.0 2.61 22.17 24.78 OK
r-release-macos-arm64 1.0.0 16.00 NOTE
r-release-macos-x86_64 1.0.0 25.00 NOTE
r-release-windows-x86_64 1.0.0 8.00 52.00 60.00 OK
r-oldrel-macos-arm64 1.0.0 13.00 NOTE
r-oldrel-macos-x86_64 1.0.0 21.00 NOTE
r-oldrel-windows-ix86+x86_64 1.0.0 12.00 41.00 53.00 OK

Check Details

Version: 1.0.0
Check: dependencies in R code
Result: NOTE
    Namespace in Imports field not imported from: ‘gbm’
     All declared Imports should be used.
Flavors: r-devel-linux-x86_64-fedora-clang, r-devel-linux-x86_64-fedora-gcc, r-release-macos-arm64, r-release-macos-x86_64, r-oldrel-macos-arm64, r-oldrel-macos-x86_64