CRAN Package Check Results for Package stepPenal

Last updated on 2022-10-04 11:50:25 CEST.

Flavor Version Tinstall Tcheck Ttotal Status Flags
r-devel-linux-x86_64-debian-clang 0.2 2.94 31.90 34.84 NOTE
r-devel-linux-x86_64-debian-gcc 0.2 2.11 24.22 26.33 NOTE
r-devel-linux-x86_64-fedora-clang 0.2 54.71 NOTE
r-devel-linux-x86_64-fedora-gcc 0.2 51.73 NOTE
r-devel-windows-x86_64 0.2 14.00 59.00 73.00 NOTE
r-patched-linux-x86_64 0.2 3.46 30.43 33.89 NOTE
r-release-linux-x86_64 0.2 2.60 30.72 33.32 NOTE
r-release-macos-arm64 0.2 17.00 NOTE
r-release-macos-x86_64 0.2 27.00 NOTE
r-release-windows-x86_64 0.2 14.00 56.00 70.00 NOTE
r-oldrel-macos-arm64 0.2 18.00 NOTE
r-oldrel-macos-x86_64 0.2 31.00 NOTE
r-oldrel-windows-ix86+x86_64 0.2 8.00 54.00 62.00 NOTE

Check Details

Version: 0.2
Check: LazyData
Result: NOTE
     'LazyData' is specified without a 'data' directory
Flavors: r-devel-linux-x86_64-debian-clang, r-devel-linux-x86_64-debian-gcc, r-devel-linux-x86_64-fedora-clang, r-devel-linux-x86_64-fedora-gcc, r-devel-windows-x86_64, r-patched-linux-x86_64, r-release-linux-x86_64, r-release-macos-arm64, r-release-macos-x86_64, r-release-windows-x86_64, r-oldrel-macos-arm64, r-oldrel-macos-x86_64, r-oldrel-windows-ix86+x86_64