Last updated on 2024-03-28 09:51:58 CET.
Flavor | Version | Tinstall | Tcheck | Ttotal | Status | Flags |
---|---|---|---|---|---|---|
r-devel-linux-x86_64-debian-clang | 3.4.1 | 11.34 | 89.59 | 100.93 | NOTE | |
r-devel-linux-x86_64-debian-gcc | 3.4.1 | 7.77 | 66.73 | 74.50 | NOTE | |
r-devel-linux-x86_64-fedora-clang | 3.4.1 | 122.60 | NOTE | |||
r-devel-linux-x86_64-fedora-gcc | 3.4.1 | 126.01 | NOTE | |||
r-devel-windows-x86_64 | 3.4.1 | 10.00 | 81.00 | 91.00 | NOTE | |
r-patched-linux-x86_64 | 3.4.1 | 11.40 | 84.73 | 96.13 | NOTE | |
r-release-linux-x86_64 | 3.4.1 | 11.46 | 85.83 | 97.29 | NOTE | |
r-release-macos-arm64 | 3.4.1 | 39.00 | NOTE | |||
r-release-macos-x86_64 | 3.4.1 | 63.00 | NOTE | |||
r-release-windows-x86_64 | 3.4.1 | 13.00 | 97.00 | 110.00 | NOTE | |
r-oldrel-macos-arm64 | 3.4.1 | 34.00 | OK | |||
r-oldrel-windows-x86_64 | 3.4.1 | 15.00 | 106.00 | 121.00 | OK |
Version: 3.4.1
Check: Rd files
Result: NOTE
checkRd: (-1) stdGlm.Rd:93: Escaped LaTeX specials: \&
Flavors: r-devel-linux-x86_64-debian-clang, r-devel-linux-x86_64-debian-gcc, r-devel-linux-x86_64-fedora-clang, r-devel-linux-x86_64-fedora-gcc, r-devel-windows-x86_64, r-patched-linux-x86_64, r-release-linux-x86_64, r-release-macos-arm64, r-release-macos-x86_64, r-release-windows-x86_64