Last updated on 2025-04-29 12:52:51 CEST.
Flavor | Version | Tinstall | Tcheck | Ttotal | Status | Flags |
---|---|---|---|---|---|---|
r-devel-linux-x86_64-debian-clang | 0.2.0 | 1.62 | 16.76 | 18.38 | NOTE | |
r-devel-linux-x86_64-debian-gcc | 0.2.0 | 1.36 | 14.01 | 15.37 | NOTE | |
r-devel-linux-x86_64-fedora-clang | 0.2.0 | 27.99 | OK | |||
r-devel-linux-x86_64-fedora-gcc | 0.2.0 | 27.33 | OK | |||
r-devel-windows-x86_64 | 0.2.0 | 3.00 | 35.00 | 38.00 | OK | |
r-patched-linux-x86_64 | 0.2.0 | 1.67 | 15.74 | 17.41 | OK | |
r-release-linux-x86_64 | 0.2.0 | 1.54 | 15.69 | 17.23 | OK | |
r-release-macos-arm64 | 0.2.0 | 14.00 | OK | |||
r-release-macos-x86_64 | 0.2.0 | 20.00 | OK | |||
r-release-windows-x86_64 | 0.2.0 | 3.00 | 38.00 | 41.00 | OK | |
r-oldrel-macos-arm64 | 0.2.0 | 14.00 | OK | |||
r-oldrel-macos-x86_64 | 0.2.0 | 22.00 | OK | |||
r-oldrel-windows-x86_64 | 0.2.0 | 2.00 | 35.00 | 37.00 | OK |
Version: 0.2.0
Check: CRAN incoming feasibility
Result: NOTE
Maintainer: ‘Brett Klamer <code@brettklamer.com>’
Found the following (possibly) invalid file URI:
URI: www.amstat.org/asa/education/Statistics-and-Biostatistics-Degree-Data.aspx
From: man/degreesawarded.Rd
Flavors: r-devel-linux-x86_64-debian-clang, r-devel-linux-x86_64-debian-gcc