Last updated on 2025-10-10 11:51:19 CEST.
Flavor | Version | Tinstall | Tcheck | Ttotal | Status | Flags |
---|---|---|---|---|---|---|
r-devel-linux-x86_64-debian-clang | 0.7.7 | 4.37 | 47.87 | 52.24 | OK | |
r-devel-linux-x86_64-debian-gcc | 0.7.7 | 2.76 | 36.51 | 39.27 | OK | |
r-devel-linux-x86_64-fedora-clang | 0.7.7 | 76.53 | OK | |||
r-devel-linux-x86_64-fedora-gcc | 0.7.7 | 90.62 | OK | |||
r-devel-windows-x86_64 | 0.7.7 | 6.00 | 67.00 | 73.00 | OK | |
r-patched-linux-x86_64 | 0.7.7 | 3.66 | 43.53 | 47.19 | OK | |
r-release-linux-x86_64 | 0.7.4 | 3.14 | 66.24 | 69.38 | NOTE | |
r-release-macos-arm64 | 0.7.7 | 46.00 | OK | |||
r-release-macos-x86_64 | 0.7.7 | 80.00 | OK | |||
r-release-windows-x86_64 | 0.7.4 | 7.00 | 70.00 | 77.00 | NOTE | |
r-oldrel-macos-arm64 | 0.7.7 | 40.00 | OK | |||
r-oldrel-macos-x86_64 | 0.7.7 | 77.00 | OK | |||
r-oldrel-windows-x86_64 | 0.7.7 | 8.00 | 78.00 | 86.00 | OK |
Version: 0.7.4
Check: DESCRIPTION meta-information
Result: NOTE
Missing dependency on R >= 4.1.0 because package code uses the pipe
|> or function shorthand \(...) syntax added in R 4.1.0.
File(s) using such syntax:
‘tables.R’
Flavors: r-release-linux-x86_64, r-release-windows-x86_64