CRAN Package Check Results for Package statnetWeb

Last updated on 2022-06-26 11:52:45 CEST.

Flavor Version Tinstall Tcheck Ttotal Status Flags
r-devel-linux-x86_64-debian-clang 0.5.6 12.03 101.26 113.29 NOTE
r-devel-linux-x86_64-debian-gcc 0.5.6 9.64 75.16 84.80 NOTE
r-devel-linux-x86_64-fedora-clang 0.5.6 142.87 NOTE
r-devel-linux-x86_64-fedora-gcc 0.5.6 140.08 NOTE
r-devel-windows-x86_64 0.5.6 27.00 118.00 145.00 NOTE
r-patched-linux-x86_64 0.5.6 10.41 94.50 104.91 NOTE
r-release-linux-x86_64 0.5.6 9.23 94.70 103.93 NOTE
r-release-macos-arm64 0.5.6 38.00 NOTE
r-release-macos-x86_64 0.5.6 76.00 NOTE
r-release-windows-x86_64 0.5.6 25.00 120.00 145.00 NOTE
r-oldrel-macos-arm64 0.5.6 42.00 NOTE
r-oldrel-macos-x86_64 0.5.6 71.00 NOTE
r-oldrel-windows-ix86+x86_64 0.5.6 28.00 115.00 143.00 NOTE

Check Details

Version: 0.5.6
Check: LazyData
Result: NOTE
     'LazyData' is specified without a 'data' directory
Flavors: r-devel-linux-x86_64-debian-clang, r-devel-linux-x86_64-debian-gcc, r-devel-linux-x86_64-fedora-clang, r-devel-linux-x86_64-fedora-gcc, r-devel-windows-x86_64, r-patched-linux-x86_64, r-release-linux-x86_64, r-release-macos-arm64, r-release-macos-x86_64, r-release-windows-x86_64, r-oldrel-macos-arm64, r-oldrel-macos-x86_64, r-oldrel-windows-ix86+x86_64