Last updated on 2024-04-20 11:50:34 CEST.
Flavor | Version | Tinstall | Tcheck | Ttotal | Status | Flags |
---|---|---|---|---|---|---|
r-devel-linux-x86_64-debian-clang | 1.0.7 | 106.92 | 123.41 | 230.33 | OK | |
r-devel-linux-x86_64-debian-gcc | 1.0.7 | 87.43 | 91.93 | 179.36 | OK | |
r-devel-linux-x86_64-fedora-clang | 1.0.7 | 338.27 | NOTE | |||
r-devel-linux-x86_64-fedora-gcc | 1.0.7 | 332.51 | NOTE | |||
r-prerel-macos-arm64 | 1.0.7 | 83.00 | NOTE | |||
r-prerel-macos-x86_64 | 1.0.7 | 152.00 | NOTE | |||
r-prerel-windows-x86_64 | 1.0.7 | 92.00 | 141.00 | 233.00 | OK | |
r-patched-linux-x86_64 | 1.0.7 | 111.63 | 119.31 | 230.94 | OK | |
r-release-linux-x86_64 | 1.0.7 | 76.90 | 115.01 | 191.91 | OK | |
r-release-macos-arm64 | 1.0.7 | 81.00 | NOTE | |||
r-release-macos-x86_64 | 1.0.7 | 150.00 | NOTE | |||
r-release-windows-x86_64 | 1.0.7 | 113.00 | 169.00 | 282.00 | OK | |
r-oldrel-macos-arm64 | 1.0.7 | 85.00 | NOTE | |||
r-oldrel-windows-x86_64 | 1.0.7 | 105.00 | 174.00 | 279.00 | OK |
Version: 1.0.7
Check: dependencies in R code
Result: NOTE
Namespace in Imports field not imported from: ‘statgenGWAS’
All declared Imports should be used.
Flavors: r-devel-linux-x86_64-fedora-clang, r-devel-linux-x86_64-fedora-gcc
Version: 1.0.7
Check: installed package size
Result: NOTE
installed size is 7.3Mb
sub-directories of 1Mb or more:
extdata 2.4Mb
libs 4.2Mb
Flavors: r-prerel-macos-arm64, r-prerel-macos-x86_64, r-release-macos-arm64, r-release-macos-x86_64, r-oldrel-macos-arm64