Last updated on 2024-03-28 09:51:58 CET.
Flavor | Version | Tinstall | Tcheck | Ttotal | Status | Flags |
---|---|---|---|---|---|---|
r-devel-linux-x86_64-debian-clang | 1.0.6.1 | 14.51 | 572.26 | 586.77 | NOTE | |
r-devel-linux-x86_64-debian-gcc | 1.0.6.1 | 12.92 | 443.44 | 456.36 | NOTE | |
r-devel-linux-x86_64-fedora-clang | 1.0.6.1 | 696.47 | NOTE | |||
r-devel-linux-x86_64-fedora-gcc | 1.0.6.1 | 796.39 | NOTE | |||
r-devel-windows-x86_64 | 1.0.6.1 | 16.00 | 439.00 | 455.00 | NOTE | |
r-patched-linux-x86_64 | 1.0.6.1 | 11.66 | 584.01 | 595.67 | NOTE | |
r-release-linux-x86_64 | 1.0.6.1 | 15.81 | 569.57 | 585.38 | NOTE | |
r-release-macos-arm64 | 1.0.6.1 | 109.00 | NOTE | |||
r-release-macos-x86_64 | 1.0.6.1 | 275.00 | NOTE | |||
r-release-windows-x86_64 | 1.0.6.1 | 21.00 | 588.00 | 609.00 | NOTE | |
r-oldrel-macos-arm64 | 1.0.6.1 | 120.00 | NOTE | |||
r-oldrel-windows-x86_64 | 1.0.6.1 | 24.00 | 565.00 | 589.00 | NOTE |
Version: 1.0.6.1
Check: package dependencies
Result: NOTE
Package suggested but not available for checking: ‘asreml’
Flavors: r-devel-linux-x86_64-debian-clang, r-devel-linux-x86_64-debian-gcc, r-devel-linux-x86_64-fedora-clang, r-devel-linux-x86_64-fedora-gcc, r-devel-windows-x86_64, r-patched-linux-x86_64, r-release-linux-x86_64, r-release-macos-arm64, r-release-macos-x86_64, r-release-windows-x86_64, r-oldrel-macos-arm64, r-oldrel-windows-x86_64
Version: 1.0.6.1
Check: installed package size
Result: NOTE
installed size is 5.0Mb
sub-directories of 1Mb or more:
data 3.5Mb
Flavors: r-devel-linux-x86_64-fedora-clang, r-release-macos-arm64, r-release-macos-x86_64, r-oldrel-macos-arm64