Last updated on 2025-04-17 09:49:26 CEST.
Flavor | Version | Tinstall | Tcheck | Ttotal | Status | Flags |
---|---|---|---|---|---|---|
r-devel-linux-x86_64-debian-clang | 1.0.11 | 74.78 | 183.66 | 258.44 | OK | |
r-devel-linux-x86_64-debian-gcc | 1.0.11 | 51.73 | 124.49 | 176.22 | OK | |
r-devel-linux-x86_64-fedora-clang | 1.0.11 | 425.57 | OK | |||
r-devel-linux-x86_64-fedora-gcc | 1.0.11 | 496.96 | OK | |||
r-devel-windows-x86_64 | 1.0.11 | 82.00 | 217.00 | 299.00 | OK | |
r-patched-linux-x86_64 | 1.0.11 | 72.89 | 186.68 | 259.57 | OK | |
r-release-linux-x86_64 | 1.0.11 | 71.39 | 189.00 | 260.39 | OK | |
r-release-macos-arm64 | 1.0.11 | 129.00 | OK | |||
r-release-macos-x86_64 | 1.0.11 | 230.00 | OK | |||
r-release-windows-x86_64 | 1.0.11 | 86.00 | 223.00 | 309.00 | OK | |
r-oldrel-macos-arm64 | 1.0.11 | 134.00 | NOTE | |||
r-oldrel-macos-x86_64 | 1.0.11 | 252.00 | NOTE | |||
r-oldrel-windows-x86_64 | 1.0.11 | 94.00 | 275.00 | 369.00 | NOTE |
Version: 1.0.11
Check: installed package size
Result: NOTE
installed size is 9.7Mb
sub-directories of 1Mb or more:
data 3.6Mb
libs 5.1Mb
Flavors: r-oldrel-macos-arm64, r-oldrel-macos-x86_64, r-oldrel-windows-x86_64