Last updated on 2024-03-27 10:09:41 CET.
Flavor | Version | Tinstall | Tcheck | Ttotal | Status | Flags |
---|---|---|---|---|---|---|
r-devel-linux-x86_64-debian-clang | 0.2.6 | 8.74 | 74.19 | 82.93 | NOTE | |
r-devel-linux-x86_64-debian-gcc | 0.2.6 | 6.11 | 57.46 | 63.57 | NOTE | |
r-devel-linux-x86_64-fedora-clang | 0.2.6 | 103.68 | NOTE | |||
r-devel-linux-x86_64-fedora-gcc | 0.2.6 | 116.79 | NOTE | |||
r-devel-windows-x86_64 | 0.2.6 | 8.00 | 78.00 | 86.00 | NOTE | |
r-patched-linux-x86_64 | 0.2.6 | 5.46 | 69.68 | 75.14 | OK | |
r-release-linux-x86_64 | 0.2.6 | 4.81 | 70.12 | 74.93 | OK | |
r-release-macos-arm64 | 0.2.6 | 46.00 | OK | |||
r-release-macos-x86_64 | 0.2.6 | 82.00 | OK | |||
r-release-windows-x86_64 | 0.2.6 | 9.00 | 86.00 | 95.00 | OK | |
r-oldrel-macos-arm64 | 0.2.6 | 44.00 | OK | |||
r-oldrel-windows-x86_64 | 0.2.6 | 11.00 | 90.00 | 101.00 | OK |
Version: 0.2.6
Check: Rd files
Result: NOTE
checkRd: (-1) statcan_data.Rd:22: Lost braces; missing escapes or markup?
22 | \code{statcan_data()} function has 2 arguments to fulfill to get data: {tableNumber} & {lang}.
| ^
checkRd: (-1) statcan_data.Rd:22: Lost braces; missing escapes or markup?
22 | \code{statcan_data()} function has 2 arguments to fulfill to get data: {tableNumber} & {lang}.
| ^
checkRd: (-1) statcan_search.Rd:18: Lost braces; missing escapes or markup?
18 | The \code{statcan_search()} function has 2 arguments to fulfill to find a database: {keywords} and {lang}.
| ^
checkRd: (-1) statcan_search.Rd:18: Lost braces; missing escapes or markup?
18 | The \code{statcan_search()} function has 2 arguments to fulfill to find a database: {keywords} and {lang}.
| ^
Flavors: r-devel-linux-x86_64-debian-clang, r-devel-linux-x86_64-debian-gcc, r-devel-linux-x86_64-fedora-clang, r-devel-linux-x86_64-fedora-gcc, r-devel-windows-x86_64