CRAN Package Check Results for Package statar

Last updated on 2024-07-14 11:56:09 CEST.

Flavor Version Tinstall Tcheck Ttotal Status Flags
r-devel-linux-x86_64-debian-clang 0.7.6 6.84 76.62 83.46 OK
r-devel-linux-x86_64-debian-gcc 0.7.6 5.48 58.05 63.53 OK
r-devel-linux-x86_64-fedora-clang 0.7.6 105.45 OK
r-devel-linux-x86_64-fedora-gcc 0.7.6 111.76 OK
r-devel-windows-x86_64 0.7.6 8.00 80.00 88.00 NOTE
r-patched-linux-x86_64 0.7.6 10.35 71.56 81.91 OK
r-release-linux-x86_64 0.7.6 4.73 70.86 75.59 OK
r-release-macos-arm64 0.7.6 40.00 OK
r-release-macos-x86_64 0.7.6 64.00 OK
r-release-windows-x86_64 0.7.6 7.00 78.00 85.00 OK
r-oldrel-macos-arm64 0.7.6 42.00 OK
r-oldrel-macos-x86_64 0.7.6 84.00 OK
r-oldrel-windows-x86_64 0.7.6 11.00 92.00 103.00 OK

Check Details

Version: 0.7.6
Check: Rd cross-references
Result: NOTE Found the following Rd file(s) with Rd \link{} targets missing package anchors: elapsed.Rd: week, month, year Please provide package anchors for all Rd \link{} targets not in the package itself and the base packages. Flavor: r-devel-windows-x86_64