Last updated on 2025-01-18 15:03:05 CET.
Flavor | Version | Tinstall | Tcheck | Ttotal | Status | Flags |
---|---|---|---|---|---|---|
r-devel-linux-x86_64-debian-clang | 1.2.1 | 15.62 | 235.50 | 251.12 | NOTE | |
r-devel-linux-x86_64-debian-gcc | 1.2.1 | 12.86 | 164.50 | 177.36 | NOTE | |
r-devel-linux-x86_64-fedora-clang | 1.2.1 | 436.13 | NOTE | |||
r-devel-linux-x86_64-fedora-gcc | 1.2.1 | 416.34 | NOTE | |||
r-devel-windows-x86_64 | 1.2.1 | 19.00 | 183.00 | 202.00 | NOTE | |
r-patched-linux-x86_64 | 1.2.1 | 20.86 | 218.65 | 239.51 | OK | |
r-release-linux-x86_64 | 1.2.1 | 15.42 | 220.09 | 235.51 | OK | |
r-release-macos-arm64 | 1.2.1 | 86.00 | OK | |||
r-release-macos-x86_64 | 1.2.1 | 126.00 | OK | |||
r-release-windows-x86_64 | 1.2.1 | 18.00 | 186.00 | 204.00 | OK | |
r-oldrel-macos-arm64 | 1.2.1 | 92.00 | OK | |||
r-oldrel-macos-x86_64 | 1.2.1 | 122.00 | OK | |||
r-oldrel-windows-x86_64 | 1.2.1 | 25.00 | 233.00 | 258.00 | OK |
Version: 1.2.1
Check: Rd cross-references
Result: NOTE
Found the following Rd file(s) with Rd \link{} targets missing package
anchors:
Heat.Rd: pheatmap
ImpPlot.Rd: randomForest, gbm
cv_glmnet_plot.Rd: glmnet
esSim.Rd: lmFit
Please provide package anchors for all Rd \link{} targets not in the
package itself and the base packages.
Flavors: r-devel-linux-x86_64-debian-clang, r-devel-linux-x86_64-debian-gcc, r-devel-windows-x86_64
Version: 1.2.1
Check: dependencies in R code
Result: NOTE
Namespaces in Imports field not imported from:
‘gbm’ ‘ggfortify’ ‘tibble’ ‘tidyverse’
All declared Imports should be used.
Flavors: r-devel-linux-x86_64-fedora-clang, r-devel-linux-x86_64-fedora-gcc