Last updated on 2022-06-25 10:53:15 CEST.
Flavor | Version | Tinstall | Tcheck | Ttotal | Status | Flags |
---|---|---|---|---|---|---|
r-devel-linux-x86_64-debian-clang | 1.1.10 | 13.09 | 106.57 | 119.66 | NOTE | |
r-devel-linux-x86_64-debian-gcc | 1.1.10 | 9.98 | 82.02 | 92.00 | NOTE | |
r-devel-linux-x86_64-fedora-clang | 1.1.10 | 157.77 | NOTE | |||
r-devel-linux-x86_64-fedora-gcc | 1.1.10 | 154.42 | NOTE | |||
r-devel-windows-x86_64 | 1.1.10 | 24.00 | 134.00 | 158.00 | NOTE | |
r-patched-linux-x86_64 | 1.1.10 | 12.14 | 102.86 | 115.00 | OK | |
r-release-linux-x86_64 | 1.1.10 | 11.38 | 101.93 | 113.31 | OK | |
r-release-macos-arm64 | 1.1.10 | 44.00 | OK | |||
r-release-macos-x86_64 | 1.1.10 | 80.00 | OK | |||
r-release-windows-x86_64 | 1.1.10 | 25.00 | 129.00 | 154.00 | OK | |
r-oldrel-macos-arm64 | 1.1.10 | 48.00 | OK | |||
r-oldrel-macos-x86_64 | 1.1.10 | 62.00 | OK | |||
r-oldrel-windows-ix86+x86_64 | 1.1.10 | 29.00 | 124.00 | 153.00 | OK |
Version: 1.1.10
Check: Rd files
Result: NOTE
checkRd: (-1) multiCUMSUM.Rd:33: Escaped LaTeX specials: \&
Flavors: r-devel-linux-x86_64-debian-clang, r-devel-linux-x86_64-debian-gcc, r-devel-linux-x86_64-fedora-clang, r-devel-linux-x86_64-fedora-gcc, r-devel-windows-x86_64