CRAN Package Check Results for Package starticles

Last updated on 2022-10-07 12:55:16 CEST.

Flavor Version Tinstall Tcheck Ttotal Status Flags
r-devel-linux-x86_64-debian-clang 0.1.0 2.10 33.84 35.94 OK
r-devel-linux-x86_64-debian-gcc 0.1.0 1.47 26.18 27.65 OK
r-devel-linux-x86_64-fedora-clang 0.1.0 56.98 NOTE
r-devel-linux-x86_64-fedora-gcc 0.1.0 43.75 NOTE
r-devel-windows-x86_64 0.1.0 20.00 55.00 75.00 OK
r-patched-linux-x86_64 0.1.0 2.00 32.70 34.70 OK
r-release-linux-x86_64 0.1.0 1.54 32.36 33.90 OK
r-release-macos-arm64 0.1.0 18.00 NOTE
r-release-macos-x86_64 0.1.0 28.00 NOTE
r-release-windows-x86_64 0.1.0 12.00 54.00 66.00 OK
r-oldrel-macos-arm64 0.1.0 16.00 NOTE
r-oldrel-macos-x86_64 0.1.0 26.00 NOTE
r-oldrel-windows-ix86+x86_64 0.1.0 5.00 49.00 54.00 OK

Check Details

Version: 0.1.0
Check: dependencies in R code
Result: NOTE
    Namespaces in Imports field not imported from:
     ‘bookdown’ ‘knitr’ ‘rmarkdown’
     All declared Imports should be used.
Flavors: r-devel-linux-x86_64-fedora-clang, r-devel-linux-x86_64-fedora-gcc, r-release-macos-arm64, r-release-macos-x86_64, r-oldrel-macos-arm64, r-oldrel-macos-x86_64