Last updated on 2022-06-28 12:52:38 CEST.
Flavor | Version | Tinstall | Tcheck | Ttotal | Status | Flags |
---|---|---|---|---|---|---|
r-devel-linux-x86_64-debian-clang | 0.0.6 | 7.62 | 104.83 | 112.45 | NOTE | |
r-devel-linux-x86_64-debian-gcc | 0.0.6 | 4.94 | 77.72 | 82.66 | NOTE | |
r-devel-linux-x86_64-fedora-clang | 0.0.6 | 138.74 | NOTE | |||
r-devel-linux-x86_64-fedora-gcc | 0.0.6 | 148.94 | NOTE | |||
r-devel-windows-x86_64 | 0.0.6 | 19.00 | 147.00 | 166.00 | NOTE | |
r-patched-linux-x86_64 | 0.0.6 | 6.28 | 100.61 | 106.89 | NOTE | |
r-release-linux-x86_64 | 0.0.6 | 7.92 | 98.03 | 105.95 | NOTE | |
r-release-macos-arm64 | 0.0.6 | 50.00 | NOTE | |||
r-release-macos-x86_64 | 0.0.6 | 59.00 | NOTE | |||
r-release-windows-x86_64 | 0.0.6 | 23.00 | 143.00 | 166.00 | NOTE | |
r-oldrel-macos-arm64 | 0.0.6 | 58.00 | NOTE | |||
r-oldrel-macos-x86_64 | 0.0.6 | 87.00 | NOTE | |||
r-oldrel-windows-ix86+x86_64 | 0.0.6 | 14.00 | 135.00 | 149.00 | NOTE |
Version: 0.0.6
Check: LazyData
Result: NOTE
'LazyData' is specified without a 'data' directory
Flavors: r-devel-linux-x86_64-debian-clang, r-devel-linux-x86_64-debian-gcc, r-devel-linux-x86_64-fedora-clang, r-devel-linux-x86_64-fedora-gcc, r-devel-windows-x86_64, r-patched-linux-x86_64, r-release-linux-x86_64, r-release-macos-arm64, r-release-macos-x86_64, r-release-windows-x86_64, r-oldrel-macos-arm64, r-oldrel-macos-x86_64, r-oldrel-windows-ix86+x86_64