Last updated on 2024-04-23 10:54:18 CEST.
Flavor | Version | Tinstall | Tcheck | Ttotal | Status | Flags |
---|---|---|---|---|---|---|
r-devel-linux-x86_64-debian-clang | 0.1.0 | 5.29 | 40.20 | 45.49 | OK | |
r-devel-linux-x86_64-debian-gcc | 0.1.0 | 2.64 | 30.01 | 32.65 | OK | |
r-devel-linux-x86_64-fedora-clang | 0.1.0 | 56.94 | NOTE | |||
r-devel-linux-x86_64-fedora-gcc | 0.1.0 | 81.04 | NOTE | |||
r-prerel-macos-arm64 | 0.1.0 | 32.00 | OK | |||
r-prerel-windows-x86_64 | 0.1.0 | 5.00 | 58.00 | 63.00 | OK | |
r-patched-linux-x86_64 | 0.1.0 | 3.31 | 39.26 | 42.57 | OK | |
r-release-linux-x86_64 | 0.1.0 | 4.78 | 36.08 | 40.86 | OK | |
r-release-macos-arm64 | 0.1.0 | 33.00 | OK | |||
r-release-macos-x86_64 | 0.1.0 | 50.00 | OK | |||
r-release-windows-x86_64 | 0.1.0 | 6.00 | 60.00 | 66.00 | OK | |
r-oldrel-macos-arm64 | 0.1.0 | 26.00 | NOTE | |||
r-oldrel-windows-x86_64 | 0.1.0 | 5.00 | 62.00 | 67.00 | OK |
Version: 0.1.0
Check: dependencies in R code
Result: NOTE
Namespace in Imports field not imported from: ‘Matrix’
All declared Imports should be used.
Flavors: r-devel-linux-x86_64-fedora-clang, r-devel-linux-x86_64-fedora-gcc, r-oldrel-macos-arm64