CRAN Package Check Results for Package staplr

Last updated on 2022-06-26 11:52:45 CEST.

Flavor Version Tinstall Tcheck Ttotal Status Flags
r-devel-linux-x86_64-debian-clang 3.1.1 6.24 106.02 112.26 NOTE
r-devel-linux-x86_64-debian-gcc 3.1.1 4.57 80.21 84.78 NOTE
r-devel-linux-x86_64-fedora-clang 3.1.1 156.68 NOTE
r-devel-linux-x86_64-fedora-gcc 3.1.1 146.34 NOTE
r-devel-windows-x86_64 3.1.1 235.00 120.00 355.00 NOTE
r-patched-linux-x86_64 3.1.1 6.69 111.06 117.75 NOTE
r-release-linux-x86_64 3.1.1 5.89 111.24 117.13 NOTE
r-release-macos-arm64 3.1.1 56.00 NOTE
r-release-macos-x86_64 3.1.1 60.00 NOTE
r-release-windows-x86_64 3.1.1 247.00 122.00 369.00 NOTE
r-oldrel-macos-arm64 3.1.1 97.00 NOTE
r-oldrel-macos-x86_64 3.1.1 109.00 NOTE
r-oldrel-windows-ix86+x86_64 3.1.1 13.00 119.00 132.00 NOTE

Check Details

Version: 3.1.1
Check: LazyData
Result: NOTE
     'LazyData' is specified without a 'data' directory
Flavors: r-devel-linux-x86_64-debian-clang, r-devel-linux-x86_64-debian-gcc, r-devel-linux-x86_64-fedora-clang, r-devel-linux-x86_64-fedora-gcc, r-devel-windows-x86_64, r-patched-linux-x86_64, r-release-linux-x86_64, r-release-macos-arm64, r-release-macos-x86_64, r-release-windows-x86_64, r-oldrel-macos-arm64, r-oldrel-macos-x86_64, r-oldrel-windows-ix86+x86_64

Version: 3.1.1
Check: package dependencies
Result: NOTE
    Package suggested but not available for checking: ‘pdftools’
Flavor: r-release-macos-x86_64