Last updated on 2024-03-29 09:55:38 CET.
Flavor | Version | Tinstall | Tcheck | Ttotal | Status | Flags |
---|---|---|---|---|---|---|
r-devel-linux-x86_64-debian-clang | 0.7.1 | 3.14 | 53.40 | 56.54 | NOTE | --no-vignettes |
r-devel-linux-x86_64-debian-gcc | 0.7.1 | 2.60 | 38.08 | 40.68 | NOTE | --no-vignettes |
r-devel-linux-x86_64-fedora-clang | 0.7.1 | 1757.15 | NOTE | |||
r-devel-linux-x86_64-fedora-gcc | 0.7.1 | 1748.20 | NOTE | |||
r-devel-windows-x86_64 | 0.7.1 | 3.00 | 856.00 | 859.00 | NOTE | |
r-patched-linux-x86_64 | 0.7.1 | 5.04 | 51.94 | 56.98 | NOTE | --no-vignettes |
r-release-linux-x86_64 | 0.7.1 | 2.96 | 48.41 | 51.37 | NOTE | --no-vignettes |
r-release-macos-arm64 | 0.7.1 | 314.00 | NOTE | |||
r-release-macos-x86_64 | 0.7.1 | 714.00 | NOTE | |||
r-release-windows-x86_64 | 0.7.1 | 4.00 | 1099.00 | 1103.00 | NOTE | |
r-oldrel-macos-arm64 | 0.7.1 | 260.00 | NOTE | |||
r-oldrel-windows-x86_64 | 0.7.1 | 5.00 | 997.00 | 1002.00 | NOTE |
Version: 0.7.1
Flags: --no-vignettes
Check: LazyData
Result: NOTE
'LazyData' is specified without a 'data' directory
Flavors: r-devel-linux-x86_64-debian-clang, r-devel-linux-x86_64-debian-gcc, r-patched-linux-x86_64, r-release-linux-x86_64
Version: 0.7.1
Check: LazyData
Result: NOTE
'LazyData' is specified without a 'data' directory
Flavors: r-devel-linux-x86_64-fedora-clang, r-devel-linux-x86_64-fedora-gcc, r-devel-windows-x86_64, r-release-macos-arm64, r-release-macos-x86_64, r-release-windows-x86_64, r-oldrel-macos-arm64, r-oldrel-windows-x86_64