Last updated on 2023-12-01 10:53:52 CET.
Flavor | Version | Tinstall | Tcheck | Ttotal | Status | Flags |
---|---|---|---|---|---|---|
r-devel-linux-x86_64-debian-clang | 0.1.0 | 4.66 | 56.13 | 60.79 | NOTE | |
r-devel-linux-x86_64-debian-gcc | 0.1.0 | 3.72 | 43.48 | 47.20 | NOTE | |
r-devel-linux-x86_64-fedora-clang | 0.1.0 | 76.91 | OK | |||
r-devel-linux-x86_64-fedora-gcc | 0.1.0 | 83.70 | OK | |||
r-devel-windows-x86_64 | 0.1.0 | 6.00 | 75.00 | 81.00 | OK | |
r-patched-linux-x86_64 | 0.1.0 | 5.15 | 54.27 | 59.42 | OK | |
r-release-linux-x86_64 | 0.1.0 | 3.56 | 54.42 | 57.98 | OK | |
r-release-macos-arm64 | 0.1.0 | 35.00 | OK | |||
r-release-macos-x86_64 | 0.1.0 | 66.00 | OK | |||
r-release-windows-x86_64 | 0.1.0 | 9.00 | 78.00 | 87.00 | OK | |
r-oldrel-macos-arm64 | 0.1.0 | 32.00 | OK | |||
r-oldrel-macos-x86_64 | 0.1.0 | 36.00 | OK | |||
r-oldrel-windows-x86_64 | 0.1.0 | 10.00 | 76.00 | 86.00 | OK |
Version: 0.1.0
Check: Rd files
Result: NOTE
checkRd: (-1) alertify.Rd:69: Lost braces
69 | \item{closable}{Logical; if \code{TRUE} (the default), a |code{Close} button is displayed in the header of the dialog.}
| ^
checkRd: (-1) notify.Rd:47: Lost braces
47 | \item{hide}{Logical; if \code{TRUE} (the default), notice is closed after |code{delay} specified in milliseconds.}
| ^
Flavors: r-devel-linux-x86_64-debian-clang, r-devel-linux-x86_64-debian-gcc