CRAN Package Check Results for Package standardlastprofile

Last updated on 2025-07-20 12:49:38 CEST.

Flavor Version Tinstall Tcheck Ttotal Status Flags
r-devel-linux-x86_64-debian-clang 1.0.0 1.90 40.01 41.91 NOTE
r-devel-linux-x86_64-debian-gcc 1.0.0 1.64 31.21 32.85 NOTE
r-devel-linux-x86_64-fedora-clang 1.0.0 61.23 NOTE
r-devel-linux-x86_64-fedora-gcc 1.0.0 72.51 NOTE
r-devel-windows-x86_64 1.0.0 4.00 58.00 62.00 NOTE
r-patched-linux-x86_64 1.0.0 2.06 36.76 38.82 NOTE
r-release-linux-x86_64 1.0.0 1.85 37.35 39.20 NOTE
r-release-macos-arm64 1.0.0 37.00 NOTE
r-release-macos-x86_64 1.0.0 54.00 NOTE
r-release-windows-x86_64 1.0.0 4.00 59.00 63.00 NOTE
r-oldrel-macos-arm64 1.0.0 27.00 OK
r-oldrel-macos-x86_64 1.0.0 41.00 OK
r-oldrel-windows-x86_64 1.0.0 4.00 70.00 74.00 OK

Check Details

Version: 1.0.0
Check: DESCRIPTION meta-information
Result: NOTE Missing dependency on R >= 4.1.0 because package code uses the pipe |> or function shorthand \(...) syntax added in R 4.1.0. File(s) using such syntax: ‘utils.R’ Flavors: r-devel-linux-x86_64-debian-clang, r-devel-linux-x86_64-debian-gcc, r-devel-linux-x86_64-fedora-clang, r-devel-linux-x86_64-fedora-gcc, r-devel-windows-x86_64, r-patched-linux-x86_64, r-release-linux-x86_64, r-release-macos-arm64, r-release-macos-x86_64, r-release-windows-x86_64