Last updated on 2023-02-05 11:10:49 CET.
Flavor | Version | Tinstall | Tcheck | Ttotal | Status | Flags |
---|---|---|---|---|---|---|
r-devel-linux-x86_64-debian-clang | 0.6.0.7 | 31.55 | 325.87 | 357.42 | OK | |
r-devel-linux-x86_64-debian-gcc | 0.6.0.7 | 22.05 | 233.66 | 255.71 | OK | |
r-devel-linux-x86_64-fedora-clang | 0.6.0.7 | 427.01 | NOTE | |||
r-devel-linux-x86_64-fedora-gcc | 0.6.0.7 | 419.38 | NOTE | |||
r-devel-windows-x86_64 | 0.6.0.7 | 212.00 | 406.00 | 618.00 | OK | |
r-patched-linux-x86_64 | 0.6.0.7 | 32.29 | 298.02 | 330.31 | OK | |
r-release-linux-x86_64 | 0.6.0.7 | 25.43 | 292.26 | 317.69 | OK | |
r-release-macos-arm64 | 0.6.0.7 | 83.00 | ERROR | |||
r-release-macos-x86_64 | 0.6.0.7 | 148.00 | NOTE | |||
r-release-windows-x86_64 | 0.6.0.7 | 161.00 | 380.00 | 541.00 | OK | |
r-oldrel-macos-arm64 | 0.6.0.7 | 103.00 | WARN | |||
r-oldrel-macos-x86_64 | 0.6.0.7 | 139.00 | NOTE | |||
r-oldrel-windows-ix86+x86_64 | 0.6.0.7 | 60.00 | 344.00 | 404.00 | OK |
Version: 0.6.0.7
Check: data for non-ASCII characters
Result: NOTE
Note: found 40748 marked UTF-8 strings
Flavors: r-devel-linux-x86_64-fedora-clang, r-devel-linux-x86_64-fedora-gcc, r-release-macos-x86_64, r-oldrel-macos-arm64, r-oldrel-macos-x86_64
Version: 0.6.0.7
Check: re-building of vignette outputs
Result: ERROR
Error(s) in re-building vignettes:
...
--- re-building ‘stacomir.Rmd’ using rmarkdown
Quitting from lines 302-324 (stacomir.Rmd)
Error: processing vignette 'stacomir.Rmd' failed with diagnostics:
duplicated values in No.pas
--- failed re-building ‘stacomir.Rmd’
SUMMARY: processing the following file failed:
‘stacomir.Rmd’
Error: Vignette re-building failed.
Execution halted
Flavor: r-release-macos-arm64
Version: 0.6.0.7
Check: re-building of vignette outputs
Result: WARN
Error(s) in re-building vignettes:
...
--- re-building ‘stacomir.Rmd’ using rmarkdown
Quitting from lines 302-324 (stacomir.Rmd)
Error: processing vignette 'stacomir.Rmd' failed with diagnostics:
duplicated values in No.pas
--- failed re-building ‘stacomir.Rmd’
SUMMARY: processing the following file failed:
‘stacomir.Rmd’
Error: Vignette re-building failed.
Execution halted
Flavor: r-oldrel-macos-arm64