Last updated on 2024-03-28 09:51:58 CET.
Flavor | Version | Tinstall | Tcheck | Ttotal | Status | Flags |
---|---|---|---|---|---|---|
r-devel-linux-x86_64-debian-clang | 0.1-5 | 10.16 | 159.79 | 169.95 | OK | |
r-devel-linux-x86_64-debian-gcc | 0.1-5 | 9.20 | 116.95 | 126.15 | OK | |
r-devel-linux-x86_64-fedora-clang | 0.1-5 | 202.41 | NOTE | |||
r-devel-linux-x86_64-fedora-gcc | 0.1-5 | 215.28 | NOTE | |||
r-devel-windows-x86_64 | 0.1-5 | 12.00 | 123.00 | 135.00 | OK | |
r-patched-linux-x86_64 | 0.1-5 | 16.32 | 148.30 | 164.62 | OK | |
r-release-linux-x86_64 | 0.1-5 | 13.16 | 153.14 | 166.30 | OK | |
r-release-macos-arm64 | 0.1-5 | 65.00 | OK | |||
r-release-macos-x86_64 | 0.1-5 | 124.00 | OK | |||
r-release-windows-x86_64 | 0.1-5 | 14.00 | 213.00 | 227.00 | OK | |
r-oldrel-macos-arm64 | 0.1-5 | 58.00 | OK | |||
r-oldrel-windows-x86_64 | 0.1-5 | 15.00 | 158.00 | 173.00 | OK |
Version: 0.1-5
Check: data for non-ASCII characters
Result: NOTE
Note: found 123 marked UTF-8 strings
Flavors: r-devel-linux-x86_64-fedora-clang, r-devel-linux-x86_64-fedora-gcc