Last updated on 2024-04-18 12:53:03 CEST.
Flavor | Version | Tinstall | Tcheck | Ttotal | Status | Flags |
---|---|---|---|---|---|---|
r-devel-linux-x86_64-debian-clang | 1.0.6 | 20.61 | 421.50 | 442.11 | OK | |
r-devel-linux-x86_64-debian-gcc | 1.0.6 | 18.15 | 304.85 | 323.00 | OK | |
r-devel-linux-x86_64-fedora-clang | 1.0.6 | 520.87 | NOTE | |||
r-devel-linux-x86_64-fedora-gcc | 1.0.6 | 521.32 | NOTE | |||
r-prerel-macos-arm64 | 1.0.6 | 121.00 | OK | |||
r-prerel-windows-x86_64 | 1.0.6 | 19.00 | 274.00 | 293.00 | OK | |
r-patched-linux-x86_64 | 1.0.6 | 20.02 | 403.60 | 423.62 | OK | |
r-release-linux-x86_64 | 1.0.6 | 18.78 | 396.77 | 415.55 | OK | |
r-release-macos-arm64 | 1.0.6 | 171.00 | OK | |||
r-release-macos-x86_64 | 1.0.6 | 235.00 | OK | |||
r-release-windows-x86_64 | 1.0.6 | 24.00 | 370.00 | 394.00 | OK | |
r-oldrel-macos-arm64 | 1.0.6 | 161.00 | OK | |||
r-oldrel-windows-x86_64 | 1.0.6 | 25.00 | 392.00 | 417.00 | OK |
Version: 1.0.6
Check: dependencies in R code
Result: NOTE
Namespace in Imports field not imported from: ‘knitr’
All declared Imports should be used.
Flavors: r-devel-linux-x86_64-fedora-clang, r-devel-linux-x86_64-fedora-gcc