Last updated on 2024-04-24 11:21:06 CEST.
Flavor | Version | Tinstall | Tcheck | Ttotal | Status | Flags |
---|---|---|---|---|---|---|
r-devel-linux-x86_64-debian-clang | 0.6 | 14.57 | 159.02 | 173.59 | NOTE | |
r-devel-linux-x86_64-debian-gcc | 0.6 | 12.08 | 113.81 | 125.89 | NOTE | |
r-devel-linux-x86_64-fedora-clang | 0.6 | 218.78 | NOTE | |||
r-devel-linux-x86_64-fedora-gcc | 0.6 | 248.46 | NOTE | |||
r-devel-windows-x86_64 | 0.6 | 15.00 | 126.00 | 141.00 | NOTE | |
r-patched-linux-x86_64 | 0.6 | 20.83 | 144.99 | 165.82 | NOTE | |
r-release-linux-x86_64 | 0.6 | 11.40 | 153.88 | 165.28 | OK | |
r-release-macos-arm64 | 0.6 | 72.00 | OK | |||
r-release-windows-x86_64 | 0.6 | 14.00 | 131.00 | 145.00 | NOTE | |
r-oldrel-macos-arm64 | 0.6 | 68.00 | OK | |||
r-oldrel-macos-x86_64 | 0.6 | 120.00 | OK | |||
r-oldrel-windows-x86_64 | 0.6 | 21.00 | 160.00 | 181.00 | OK |
Version: 0.6
Check: HTML version of manual
Result: NOTE
Found the following HTML validation problems:
RSTRmodel.html:218:1 (RSTRmodel.Rd:115): Warning: trimming empty <p>
Flavors: r-devel-linux-x86_64-debian-clang, r-devel-linux-x86_64-debian-gcc, r-devel-linux-x86_64-fedora-clang, r-devel-linux-x86_64-fedora-gcc, r-devel-windows-x86_64, r-patched-linux-x86_64, r-release-windows-x86_64