Last updated on 2025-05-06 12:49:51 CEST.
Flavor | Version | Tinstall | Tcheck | Ttotal | Status | Flags |
---|---|---|---|---|---|---|
r-devel-linux-x86_64-debian-clang | 1.2.7 | 2.45 | 26.35 | 28.80 | NOTE | |
r-devel-linux-x86_64-debian-gcc | 1.2.7 | 1.99 | 21.46 | 23.45 | NOTE | |
r-devel-linux-x86_64-fedora-clang | 1.2.7 | 48.07 | OK | |||
r-devel-linux-x86_64-fedora-gcc | 1.2.7 | 43.34 | OK | |||
r-devel-windows-x86_64 | 1.2.7 | 3.00 | 50.00 | 53.00 | OK | |
r-patched-linux-x86_64 | 1.2.7 | 2.65 | 25.74 | 28.39 | OK | |
r-release-linux-x86_64 | 1.2.7 | 2.16 | 25.73 | 27.89 | OK | |
r-release-macos-arm64 | 1.2.7 | 33.00 | OK | |||
r-release-macos-x86_64 | 1.2.7 | 35.00 | OK | |||
r-release-windows-x86_64 | 1.2.7 | 5.00 | 51.00 | 56.00 | OK | |
r-oldrel-macos-arm64 | 1.2.7 | 19.00 | OK | |||
r-oldrel-macos-x86_64 | 1.2.7 | 30.00 | OK | |||
r-oldrel-windows-x86_64 | 1.2.7 | 4.00 | 54.00 | 58.00 | OK |
Version: 1.2.7
Check: CRAN incoming feasibility
Result: NOTE
Maintainer: ‘Korbinian Strimmer <strimmerlab@gmail.com>’
No Authors@R field in DESCRIPTION.
Please add one, modifying
Authors@R: c(person(given = "Rainer",
family = "Opgen-Rhein",
role = "aut"),
person(given = "Verena",
family = "Zuber",
role = "aut"),
person(given = "Korbinian",
family = "Strimmer.",
role = "aut"),
person(given = "Korbinian",
family = "Strimmer",
role = "cre",
email = "strimmerlab@gmail.com"))
as necessary.
Flavors: r-devel-linux-x86_64-debian-clang, r-devel-linux-x86_64-debian-gcc