Last updated on 2023-09-28 11:55:47 CEST.
Flavor | Version | Tinstall | Tcheck | Ttotal | Status | Flags |
---|---|---|---|---|---|---|
r-devel-linux-x86_64-debian-clang | 0.2.1 | 2.53 | 35.08 | 37.61 | NOTE | |
r-devel-linux-x86_64-debian-gcc | 0.2.1 | 2.07 | 27.05 | 29.12 | NOTE | |
r-devel-linux-x86_64-fedora-clang | 0.2.1 | 49.03 | NOTE | |||
r-devel-linux-x86_64-fedora-gcc | 0.2.1 | 58.00 | NOTE | |||
r-devel-windows-x86_64 | 0.2.1 | 3.00 | 50.00 | 53.00 | NOTE | |
r-patched-linux-x86_64 | 0.2.1 | 2.86 | 34.16 | 37.02 | OK | |
r-release-linux-x86_64 | 0.2.1 | 2.06 | 34.03 | 36.09 | OK | |
r-release-macos-arm64 | 0.2.1 | 27.00 | OK | |||
r-release-macos-x86_64 | 0.2.1 | 37.00 | OK | |||
r-release-windows-x86_64 | 0.2.1 | 4.00 | 57.00 | 61.00 | OK | |
r-oldrel-macos-arm64 | 0.2.1 | 19.00 | OK | |||
r-oldrel-macos-x86_64 | 0.2.1 | 29.00 | OK | |||
r-oldrel-windows-x86_64 | 0.2.1 | 5.00 | 55.00 | 60.00 | OK |
Version: 0.2.1
Check: Rd \usage sections
Result: NOTE
Documented arguments not in \usage in documentation object 'namesMultiple':
‘x’
Functions with \usage entries need to have the appropriate \alias
entries, and all their arguments documented.
The \usage entries must correspond to syntactically valid R code.
See chapter ‘Writing R documentation files’ in the ‘Writing R
Extensions’ manual.
Flavors: r-devel-linux-x86_64-debian-clang, r-devel-linux-x86_64-debian-gcc, r-devel-linux-x86_64-fedora-clang, r-devel-linux-x86_64-fedora-gcc, r-devel-windows-x86_64