CRAN Package Check Results for Package ssrn

Last updated on 2022-07-05 11:50:05 CEST.

Flavor Version Tinstall Tcheck Ttotal Status Flags
r-devel-linux-x86_64-debian-clang 0.1.0 3.43 34.30 37.73 NOTE
r-devel-linux-x86_64-debian-gcc 0.1.0 2.59 26.53 29.12 NOTE
r-devel-linux-x86_64-fedora-clang 0.1.0 56.76 NOTE
r-devel-linux-x86_64-fedora-gcc 0.1.0 55.36 NOTE
r-devel-windows-x86_64 0.1.0 14.00 60.00 74.00 NOTE
r-patched-linux-x86_64 0.1.0 3.03 33.18 36.21 NOTE
r-release-linux-x86_64 0.1.0 2.44 33.20 35.64 NOTE
r-release-macos-arm64 0.1.0 19.00 NOTE
r-release-macos-x86_64 0.1.0 33.00 NOTE
r-release-windows-x86_64 0.1.0 11.00 59.00 70.00 NOTE
r-oldrel-macos-arm64 0.1.0 23.00 NOTE
r-oldrel-macos-x86_64 0.1.0 31.00 NOTE
r-oldrel-windows-ix86+x86_64 0.1.0 7.00 55.00 62.00 OK

Check Details

Version: 0.1.0
Check: package dependencies
Result: NOTE
    Package suggested but not available for checking: 'scanstatistics'
Flavors: r-devel-linux-x86_64-debian-clang, r-devel-linux-x86_64-debian-gcc, r-devel-linux-x86_64-fedora-clang, r-devel-linux-x86_64-fedora-gcc, r-devel-windows-x86_64, r-patched-linux-x86_64, r-release-linux-x86_64, r-release-macos-arm64, r-release-macos-x86_64, r-release-windows-x86_64, r-oldrel-macos-arm64, r-oldrel-macos-x86_64