CRAN Package Check Results for Package ssMousetrack

Last updated on 2024-02-22 12:48:40 CET.

Flavor Version Tinstall Tcheck Ttotal Status Flags
r-devel-linux-x86_64-debian-clang 1.1.6 NOTE
r-devel-linux-x86_64-debian-gcc 1.1.6 793.59 173.58 967.17 NOTE
r-devel-linux-x86_64-fedora-clang 1.1.6 1269.81 NOTE
r-devel-linux-x86_64-fedora-gcc 1.1.6 1730.69 NOTE
r-devel-windows-x86_64 1.1.6 635.00 201.00 836.00 NOTE
r-patched-linux-x86_64 1.1.6 740.98 228.84 969.82 NOTE
r-release-linux-x86_64 1.1.6 701.13 227.22 928.35 NOTE
r-release-macos-arm64 1.1.6 359.00 NOTE
r-release-macos-x86_64 1.1.6 584.00 NOTE
r-release-windows-x86_64 1.1.6 823.00 264.00 1087.00 NOTE
r-oldrel-macos-arm64 1.1.6 318.00 NOTE
r-oldrel-windows-x86_64 1.1.6 774.00 235.00 1009.00 NOTE

Check Details

Version: 1.1.6
Check: for GNU extensions in Makefiles
Result: NOTE GNU make is a SystemRequirements. Flavors: r-devel-linux-x86_64-debian-clang, r-devel-linux-x86_64-debian-gcc, r-devel-linux-x86_64-fedora-clang, r-devel-linux-x86_64-fedora-gcc, r-devel-windows-x86_64, r-patched-linux-x86_64, r-release-linux-x86_64, r-release-macos-arm64, r-release-macos-x86_64, r-release-windows-x86_64, r-oldrel-macos-arm64, r-oldrel-windows-x86_64

Version: 1.1.6
Check: installed package size
Result: NOTE installed size is 9.1Mb sub-directories of 1Mb or more: libs 8.6Mb Flavors: r-devel-linux-x86_64-fedora-clang, r-devel-windows-x86_64, r-release-macos-arm64, r-release-macos-x86_64, r-release-windows-x86_64, r-oldrel-macos-arm64, r-oldrel-windows-x86_64