CRAN Package Check Results for Package ss3sim

Last updated on 2022-06-26 11:52:45 CEST.

Flavor Version Tinstall Tcheck Ttotal Status Flags
r-devel-linux-x86_64-debian-clang 1.0.3 21.05 191.20 212.25 OK
r-devel-linux-x86_64-debian-gcc 1.0.3 16.54 140.19 156.73 OK
r-devel-linux-x86_64-fedora-clang 1.0.3 274.48 WARN
r-devel-linux-x86_64-fedora-gcc 1.0.3 253.04 WARN
r-devel-windows-x86_64 1.0.3 68.00 243.00 311.00 OK
r-patched-linux-x86_64 1.0.3 19.88 175.51 195.39 OK
r-release-linux-x86_64 1.0.3 13.25 181.02 194.27 OK
r-release-macos-arm64 1.0.3 77.00 OK
r-release-macos-x86_64 1.0.3 132.00 OK
r-release-windows-x86_64 1.0.3 70.00 240.00 310.00 OK
r-oldrel-macos-arm64 1.0.3 92.00 OK
r-oldrel-macos-x86_64 1.0.3 132.00 OK
r-oldrel-windows-ix86+x86_64 1.0.3 43.00 211.00 254.00 OK

Check Details

Version: 1.0.3
Check: package dependencies
Result: WARN
    Requires orphaned package: ‘gtools’
Flavors: r-devel-linux-x86_64-fedora-clang, r-devel-linux-x86_64-fedora-gcc

Version: 1.0.3
Check: Rd cross-references
Result: NOTE
    Undeclared package ‘plyr’ in Rd xrefs
Flavor: r-devel-linux-x86_64-fedora-clang