CRAN Package Check Results for Package srm

Last updated on 2022-06-27 11:50:56 CEST.

Flavor Version Tinstall Tcheck Ttotal Status Flags
r-devel-linux-x86_64-debian-clang 0.3-6 89.55 57.96 147.51 WARN
r-devel-linux-x86_64-debian-gcc 0.3-6 73.72 44.42 118.14 OK
r-devel-linux-x86_64-fedora-clang 0.3-6 238.99 WARN
r-devel-linux-x86_64-fedora-gcc 0.3-6 208.83 OK
r-devel-windows-x86_64 0.3-6 105.00 99.00 204.00 OK
r-patched-linux-x86_64 0.3-6 78.13 56.87 135.00 OK
r-release-linux-x86_64 0.3-6 80.47 55.51 135.98 OK
r-release-macos-arm64 0.3-6 49.00 OK
r-release-macos-x86_64 0.3-6 68.00 OK
r-release-windows-x86_64 0.3-6 109.00 100.00 209.00 OK
r-oldrel-macos-arm64 0.3-6 55.00 OK
r-oldrel-macos-x86_64 0.3-6 90.00 OK
r-oldrel-windows-ix86+x86_64 0.3-6 238.00 100.00 338.00 OK

Additional issues

clang14

Check Details

Version: 0.3-6
Check: whether package can be installed
Result: WARN
    Found the following significant warnings:
     SRM_RCPP_SRM_ARBSRM.cpp:83:18: warning: use of bitwise '|' with boolean operands [-Wbitwise-instead-of-logical]
     SRM_RCPP_SRM_ARBSRM.cpp:90:18: warning: use of bitwise '|' with boolean operands [-Wbitwise-instead-of-logical]
     SRM_RCPP_SRM_ARBSRM.cpp:189:17: warning: use of bitwise '|' with boolean operands [-Wbitwise-instead-of-logical]
     SRM_RCPP_SRM_ARBSRM.cpp:190:21: warning: use of bitwise '&' with boolean operands [-Wbitwise-instead-of-logical]
     SRM_RCPP_SRM_ARBSRM.cpp:230:17: warning: use of bitwise '&' with boolean operands [-Wbitwise-instead-of-logical]
     SRM_RCPP_SRM_ARBSRM.cpp:231:21: warning: use of bitwise '&' with boolean operands [-Wbitwise-instead-of-logical]
     SRM_RCPP_SRM_ARBSRM.cpp:235:21: warning: use of bitwise '&' with boolean operands [-Wbitwise-instead-of-logical]
     SRM_RCPP_SRM_ARBSRM.cpp:238:21: warning: use of bitwise '&' with boolean operands [-Wbitwise-instead-of-logical]
Flavors: r-devel-linux-x86_64-debian-clang, r-devel-linux-x86_64-fedora-clang