Last updated on 2024-04-23 10:54:18 CEST.
Flavor | Version | Tinstall | Tcheck | Ttotal | Status | Flags |
---|---|---|---|---|---|---|
r-devel-linux-x86_64-debian-clang | 1.1-1 | 8.96 | 88.17 | 97.13 | OK | |
r-devel-linux-x86_64-debian-gcc | 1.1-1 | 7.87 | 65.25 | 73.12 | OK | |
r-devel-linux-x86_64-fedora-clang | 1.1-1 | 117.07 | OK | |||
r-devel-linux-x86_64-fedora-gcc | 1.1-1 | 112.59 | OK | |||
r-prerel-macos-arm64 | 1.1-1 | 37.00 | OK | |||
r-prerel-windows-x86_64 | 1.1-1 | 9.00 | 78.00 | 87.00 | OK | |
r-patched-linux-x86_64 | 1.1-1 | 8.45 | 83.09 | 91.54 | OK | |
r-release-linux-x86_64 | 1.1-1 | 9.58 | 86.94 | 96.52 | OK | |
r-release-macos-arm64 | 1.1-1 | 38.00 | OK | |||
r-release-macos-x86_64 | 1.1-1 | 64.00 | NOTE | |||
r-release-windows-x86_64 | 1.1-1 | 12.00 | 93.00 | 105.00 | OK | |
r-oldrel-macos-arm64 | 1.1-1 | 39.00 | OK | |||
r-oldrel-windows-x86_64 | 1.1-1 | 11.00 | 98.00 | 109.00 | OK |
Version: 1.1-1
Check: package dependencies
Result: NOTE
Package suggested but not available for checking: ‘ecpc’
Flavor: r-release-macos-x86_64