Last updated on 2024-04-19 11:57:02 CEST.
Flavor | Version | Tinstall | Tcheck | Ttotal | Status | Flags |
---|---|---|---|---|---|---|
r-devel-linux-x86_64-debian-clang | 2.0.2 | 3.59 | 33.67 | 37.26 | NOTE | |
r-devel-linux-x86_64-debian-gcc | 2.0.2 | NOTE | ||||
r-devel-linux-x86_64-fedora-clang | 2.0.2 | 46.15 | NOTE | |||
r-devel-linux-x86_64-fedora-gcc | 2.0.2 | 43.91 | NOTE | |||
r-prerel-macos-arm64 | 2.0.2 | 19.00 | NOTE | |||
r-prerel-windows-x86_64 | 2.0.2 | 4.00 | 51.00 | 55.00 | NOTE | |
r-patched-linux-x86_64 | 2.0.2 | 3.01 | 31.65 | 34.66 | NOTE | |
r-release-linux-x86_64 | 2.0.2 | 3.19 | 30.64 | 33.83 | OK | |
r-release-macos-arm64 | 2.0.2 | 18.00 | OK | |||
r-release-macos-x86_64 | 2.0.2 | 26.00 | OK | |||
r-release-windows-x86_64 | 2.0.2 | 5.00 | 50.00 | 55.00 | OK | |
r-oldrel-macos-arm64 | 2.0.2 | 21.00 | OK | |||
r-oldrel-windows-x86_64 | 2.0.2 | 6.00 | 54.00 | 60.00 | OK |
Version: 2.0.2
Check: Rd files
Result: NOTE
checkRd: (-1) vol.m3.Rd:21: Lost braces in \itemize; meant \describe ?
checkRd: (-1) vol.m3.Rd:22: Lost braces in \itemize; meant \describe ?
checkRd: (-1) vol.m3.Rd:23: Lost braces in \itemize; meant \describe ?
Flavors: r-devel-linux-x86_64-debian-clang, r-devel-linux-x86_64-debian-gcc, r-devel-linux-x86_64-fedora-clang, r-devel-linux-x86_64-fedora-gcc, r-prerel-macos-arm64, r-prerel-windows-x86_64, r-patched-linux-x86_64