CRAN Package Check Results for Package sptotal

Last updated on 2022-07-03 11:53:50 CEST.

Flavor Version Tinstall Tcheck Ttotal Status Flags
r-devel-linux-x86_64-debian-clang 1.0.0 7.32 121.88 129.20 OK
r-devel-linux-x86_64-debian-gcc 1.0.0 5.41 89.72 95.13 OK
r-devel-linux-x86_64-fedora-clang 1.0.0 163.41 NOTE
r-devel-linux-x86_64-fedora-gcc 1.0.0 160.40 NOTE
r-devel-windows-x86_64 1.0.0 27.00 162.00 189.00 OK
r-patched-linux-x86_64 1.0.0 6.17 116.09 122.26 OK
r-release-linux-x86_64 1.0.0 5.16 115.50 120.66 OK
r-release-macos-arm64 1.0.0 61.00 NOTE
r-release-macos-x86_64 1.0.0 95.00 NOTE
r-release-windows-x86_64 1.0.0 12.00 160.00 172.00 OK
r-oldrel-macos-arm64 1.0.0 84.00 NOTE
r-oldrel-macos-x86_64 1.0.0 72.00 NOTE
r-oldrel-windows-ix86+x86_64 1.0.0 19.00 152.00 171.00 OK

Check Details

Version: 1.0.0
Check: dependencies in R code
Result: NOTE
    Namespace in Imports field not imported from: ‘sp’
     All declared Imports should be used.
Flavors: r-devel-linux-x86_64-fedora-clang, r-devel-linux-x86_64-fedora-gcc, r-release-macos-arm64, r-release-macos-x86_64, r-oldrel-macos-arm64, r-oldrel-macos-x86_64