CRAN Package Check Results for Package spsurv

Last updated on 2022-06-25 10:53:15 CEST.

Flavor Version Tinstall Tcheck Ttotal Status Flags
r-devel-linux-x86_64-debian-clang 1.0.0 270.55 235.95 506.50 NOTE
r-devel-linux-x86_64-debian-gcc 1.0.0 245.95 195.50 441.45 NOTE
r-devel-linux-x86_64-fedora-clang 1.0.0 691.16 NOTE
r-devel-linux-x86_64-fedora-gcc 1.0.0 735.77 NOTE
r-devel-windows-x86_64 1.0.0 179.00 307.00 486.00 NOTE
r-patched-linux-x86_64 1.0.0 241.30 256.37 497.67 NOTE
r-release-linux-x86_64 1.0.0 201.34 260.56 461.90 NOTE
r-release-macos-arm64 1.0.0 191.00 NOTE
r-release-macos-x86_64 1.0.0 308.00 NOTE
r-release-windows-x86_64 1.0.0 191.00 304.00 495.00 NOTE
r-oldrel-macos-arm64 1.0.0 271.00 NOTE
r-oldrel-macos-x86_64 1.0.0 357.00 NOTE
r-oldrel-windows-ix86+x86_64 1.0.0 589.00 400.00 989.00 NOTE

Check Details

Version: 1.0.0
Check: LazyData
Result: NOTE
     'LazyData' is specified without a 'data' directory
Flavors: r-devel-linux-x86_64-debian-clang, r-devel-linux-x86_64-debian-gcc, r-devel-linux-x86_64-fedora-clang, r-devel-linux-x86_64-fedora-gcc, r-devel-windows-x86_64, r-patched-linux-x86_64, r-release-linux-x86_64, r-release-macos-arm64, r-release-macos-x86_64, r-release-windows-x86_64, r-oldrel-macos-arm64, r-oldrel-macos-x86_64, r-oldrel-windows-ix86+x86_64

Version: 1.0.0
Check: for GNU extensions in Makefiles
Result: NOTE
    GNU make is a SystemRequirements.
Flavors: r-devel-linux-x86_64-debian-clang, r-devel-linux-x86_64-debian-gcc, r-devel-linux-x86_64-fedora-clang, r-devel-linux-x86_64-fedora-gcc, r-devel-windows-x86_64, r-patched-linux-x86_64, r-release-linux-x86_64, r-release-macos-arm64, r-release-macos-x86_64, r-release-windows-x86_64, r-oldrel-macos-arm64, r-oldrel-macos-x86_64, r-oldrel-windows-ix86+x86_64

Version: 1.0.0
Check: installed package size
Result: NOTE
     installed size is 37.9Mb
     sub-directories of 1Mb or more:
     doc 1.5Mb
     libs 36.0Mb
Flavors: r-devel-linux-x86_64-fedora-clang, r-release-macos-arm64, r-release-macos-x86_64, r-oldrel-macos-arm64, r-oldrel-macos-x86_64, r-oldrel-windows-ix86+x86_64

Version: 1.0.0
Check: dependencies in R code
Result: NOTE
    Namespace in Imports field not imported from: ‘rstantools’
     All declared Imports should be used.
Flavors: r-devel-linux-x86_64-fedora-clang, r-devel-linux-x86_64-fedora-gcc, r-release-macos-arm64, r-release-macos-x86_64, r-oldrel-macos-arm64, r-oldrel-macos-x86_64