CRAN Package Check Results for Package spruce

Last updated on 2022-09-29 10:52:58 CEST.

Flavor Version Tinstall Tcheck Ttotal Status Flags
r-devel-linux-x86_64-debian-clang 0.99.1 96.58 225.60 322.18 WARN
r-devel-linux-x86_64-debian-gcc 0.99.1 70.00 166.47 236.47 OK
r-devel-linux-x86_64-fedora-clang 0.99.1 436.04 WARN
r-devel-linux-x86_64-fedora-gcc 0.99.1 411.35 OK
r-devel-windows-x86_64 0.99.1 81.00 267.00 348.00 OK
r-patched-linux-x86_64 0.99.1 82.17 214.04 296.21 OK
r-release-linux-x86_64 0.99.1 77.53 214.91 292.44 OK
r-release-macos-arm64 0.99.1 89.00 OK
r-release-macos-x86_64 0.99.1 161.00 OK
r-release-windows-x86_64 0.99.1 79.00 261.00 340.00 OK
r-oldrel-macos-arm64 0.99.1 76.00 OK
r-oldrel-macos-x86_64 0.99.1 116.00 OK
r-oldrel-windows-ix86+x86_64 0.99.1 218.00 332.00 550.00 OK

Additional issues

clang14

Check Details

Version: 0.99.1
Check: whether package can be installed
Result: WARN
    Found the following significant warnings:
     update_t.cpp:14:9: warning: use of bitwise '&' with boolean operands [-Wbitwise-instead-of-logical]
Flavors: r-devel-linux-x86_64-debian-clang, r-devel-linux-x86_64-fedora-clang