Last updated on 2024-03-28 09:51:58 CET.
Flavor | Version | Tinstall | Tcheck | Ttotal | Status | Flags |
---|---|---|---|---|---|---|
r-devel-linux-x86_64-debian-clang | 0.2.0 | 21.28 | 51.68 | 72.96 | NOTE | |
r-devel-linux-x86_64-debian-gcc | 0.2.0 | 15.52 | 38.59 | 54.11 | NOTE | |
r-devel-linux-x86_64-fedora-clang | 0.2.0 | 98.81 | NOTE | |||
r-devel-linux-x86_64-fedora-gcc | 0.2.0 | 103.22 | NOTE | |||
r-devel-windows-x86_64 | 0.2.0 | 19.00 | 77.00 | 96.00 | NOTE | |
r-patched-linux-x86_64 | 0.2.0 | 20.15 | 48.59 | 68.74 | NOTE | |
r-release-linux-x86_64 | 0.2.0 | 18.04 | 48.97 | 67.01 | NOTE | |
r-release-macos-arm64 | 0.2.0 | 38.00 | NOTE | |||
r-release-macos-x86_64 | 0.2.0 | 50.00 | NOTE | |||
r-release-windows-x86_64 | 0.2.0 | 24.00 | 90.00 | 114.00 | NOTE | |
r-oldrel-macos-arm64 | 0.2.0 | 32.00 | NOTE | |||
r-oldrel-windows-x86_64 | 0.2.0 | 22.00 | 91.00 | 113.00 | OK |
Version: 0.2.0
Check: package subdirectories
Result: NOTE
Problems with news in ‘NEWS.md’:
Cannot extract version info from the following section titles:
updates of 10th May 2021
Flavors: r-devel-linux-x86_64-debian-clang, r-devel-linux-x86_64-debian-gcc, r-devel-linux-x86_64-fedora-clang, r-devel-linux-x86_64-fedora-gcc, r-devel-windows-x86_64, r-patched-linux-x86_64, r-release-linux-x86_64, r-release-macos-arm64, r-release-macos-x86_64, r-release-windows-x86_64
Version: 0.2.0
Check: dependencies in R code
Result: NOTE
Namespaces in Imports field not imported from:
‘extrafont’ ‘ggplot2’
All declared Imports should be used.
Flavors: r-devel-linux-x86_64-fedora-clang, r-devel-linux-x86_64-fedora-gcc, r-oldrel-macos-arm64
Version: 0.2.0
Check: package dependencies
Result: NOTE
Package suggested but not available for checking: ‘ggraph’
Flavor: r-release-macos-x86_64