Last updated on 2022-06-27 11:50:56 CEST.
Flavor | Version | Tinstall | Tcheck | Ttotal | Status | Flags |
---|---|---|---|---|---|---|
r-devel-linux-x86_64-debian-clang | 0.2.3 | 16.81 | 159.76 | 176.57 | OK | |
r-devel-linux-x86_64-debian-gcc | 0.2.3 | 15.04 | 118.04 | 133.08 | OK | |
r-devel-linux-x86_64-fedora-clang | 0.2.3 | 226.80 | NOTE | |||
r-devel-linux-x86_64-fedora-gcc | 0.2.3 | 219.43 | NOTE | |||
r-devel-windows-x86_64 | 0.2.3 | 62.00 | 187.00 | 249.00 | OK | |
r-patched-linux-x86_64 | 0.2.3 | 18.35 | 151.64 | 169.99 | OK | |
r-release-linux-x86_64 | 0.2.3 | 16.59 | 150.57 | 167.16 | OK | |
r-release-macos-arm64 | 0.2.3 | 68.00 | NOTE | |||
r-release-macos-x86_64 | 0.2.3 | 112.00 | NOTE | |||
r-release-windows-x86_64 | 0.2.3 | 97.00 | 183.00 | 280.00 | OK | |
r-oldrel-macos-arm64 | 0.2.3 | 94.00 | NOTE | |||
r-oldrel-macos-x86_64 | 0.2.3 | 126.00 | NOTE | |||
r-oldrel-windows-ix86+x86_64 | 0.2.3 | 43.00 | 167.00 | 210.00 | OK |
Version: 0.2.3
Check: dependencies in R code
Result: NOTE
Namespace in Imports field not imported from: ‘batchtools’
All declared Imports should be used.
Flavors: r-devel-linux-x86_64-fedora-clang, r-devel-linux-x86_64-fedora-gcc, r-release-macos-arm64, r-release-macos-x86_64, r-oldrel-macos-arm64, r-oldrel-macos-x86_64