Last updated on 2024-04-18 12:53:02 CEST.
Flavor | Version | Tinstall | Tcheck | Ttotal | Status | Flags |
---|---|---|---|---|---|---|
r-devel-linux-x86_64-debian-clang | 0.1.2 | 5.28 | 48.31 | 53.59 | NOTE | |
r-devel-linux-x86_64-debian-gcc | 0.1.2 | 4.57 | 37.21 | 41.78 | NOTE | |
r-devel-linux-x86_64-fedora-clang | 0.1.2 | 68.36 | NOTE | |||
r-devel-linux-x86_64-fedora-gcc | 0.1.2 | 63.93 | NOTE | |||
r-prerel-macos-arm64 | 0.1.2 | 23.00 | NOTE | |||
r-prerel-windows-x86_64 | 0.1.2 | 6.00 | 55.00 | 61.00 | NOTE | |
r-patched-linux-x86_64 | 0.1.2 | 4.77 | 46.42 | 51.19 | NOTE | |
r-release-linux-x86_64 | 0.1.2 | 4.75 | 46.73 | 51.48 | NOTE | |
r-release-macos-arm64 | 0.1.2 | 26.00 | NOTE | |||
r-release-macos-x86_64 | 0.1.2 | 36.00 | NOTE | |||
r-release-windows-x86_64 | 0.1.2 | 7.00 | 63.00 | 70.00 | NOTE | |
r-oldrel-macos-arm64 | 0.1.2 | 22.00 | NOTE | |||
r-oldrel-windows-x86_64 | 0.1.2 | 8.00 | 69.00 | 77.00 | NOTE |
Version: 0.1.2
Check: LazyData
Result: NOTE
'LazyData' is specified without a 'data' directory
Flavors: r-devel-linux-x86_64-debian-clang, r-devel-linux-x86_64-debian-gcc, r-devel-linux-x86_64-fedora-clang, r-devel-linux-x86_64-fedora-gcc, r-prerel-macos-arm64, r-prerel-windows-x86_64, r-patched-linux-x86_64, r-release-linux-x86_64, r-release-macos-arm64, r-release-macos-x86_64, r-release-windows-x86_64, r-oldrel-macos-arm64, r-oldrel-windows-x86_64