Last updated on 2024-03-29 09:55:37 CET.
Flavor | Version | Tinstall | Tcheck | Ttotal | Status | Flags |
---|---|---|---|---|---|---|
r-devel-linux-x86_64-debian-clang | 0.2.1 | 147.59 | 81.86 | 229.45 | OK | |
r-devel-linux-x86_64-debian-gcc | 0.2.1 | 119.80 | 54.71 | 174.51 | OK | |
r-devel-linux-x86_64-fedora-clang | 0.2.1 | 331.44 | OK | |||
r-devel-linux-x86_64-fedora-gcc | 0.2.1 | 329.28 | OK | |||
r-devel-windows-x86_64 | 0.2.1 | 116.00 | 92.00 | 208.00 | OK | |
r-patched-linux-x86_64 | 0.2.1 | 118.85 | 75.79 | 194.64 | OK | |
r-release-linux-x86_64 | 0.2.1 | 111.67 | 75.72 | 187.39 | OK | |
r-release-macos-arm64 | 0.2.1 | 78.00 | NOTE | |||
r-release-macos-x86_64 | 0.2.1 | 102.00 | NOTE | |||
r-release-windows-x86_64 | 0.2.1 | 143.00 | 113.00 | 256.00 | OK | |
r-oldrel-macos-arm64 | 0.2.1 | 71.00 | NOTE | |||
r-oldrel-windows-x86_64 | 0.2.1 | 137.00 | 111.00 | 248.00 | OK |
Version: 0.2.1
Check: installed package size
Result: NOTE
installed size is 6.6Mb
sub-directories of 1Mb or more:
libs 6.0Mb
Flavors: r-release-macos-arm64, r-release-macos-x86_64, r-oldrel-macos-arm64