CRAN Package Check Results for Package speechbr

Last updated on 2022-08-14 11:53:13 CEST.

Flavor Version Tinstall Tcheck Ttotal Status Flags
r-devel-linux-x86_64-debian-clang 2.0.0 3.43 30.85 34.28 OK
r-devel-linux-x86_64-debian-gcc 2.0.0 2.75 24.63 27.38 OK
r-devel-linux-x86_64-fedora-clang 2.0.0 52.81 NOTE
r-devel-linux-x86_64-fedora-gcc 2.0.0 51.47 NOTE
r-devel-windows-x86_64 2.0.0 9.00 64.00 73.00 OK
r-patched-linux-x86_64 2.0.0 3.30 30.48 33.78 OK
r-release-linux-x86_64 2.0.0 2.63 30.03 32.66 OK
r-release-macos-arm64 2.0.0 17.00 NOTE
r-release-macos-x86_64 2.0.0 31.00 NOTE
r-release-windows-x86_64 2.0.0 10.00 62.00 72.00 OK
r-oldrel-macos-arm64 2.0.0 16.00 NOTE
r-oldrel-macos-x86_64 2.0.0 25.00 NOTE
r-oldrel-windows-ix86+x86_64 2.0.0 9.00 52.00 61.00 OK

Check Details

Version: 2.0.0
Check: dependencies in R code
Result: NOTE
    Namespaces in Imports field not imported from:
     ‘glue’ ‘httptest’
     All declared Imports should be used.
Flavors: r-devel-linux-x86_64-fedora-clang, r-devel-linux-x86_64-fedora-gcc, r-release-macos-arm64, r-release-macos-x86_64, r-oldrel-macos-arm64, r-oldrel-macos-x86_64