Last updated on 2024-04-26 12:54:52 CEST.
Flavor | Version | Tinstall | Tcheck | Ttotal | Status | Flags |
---|---|---|---|---|---|---|
r-devel-linux-x86_64-debian-clang | 0.1.5 | 8.30 | 58.60 | 66.90 | NOTE | |
r-devel-linux-x86_64-debian-gcc | 0.1.5 | 5.96 | 43.38 | 49.34 | NOTE | |
r-devel-linux-x86_64-fedora-clang | 0.1.5 | 81.71 | NOTE | |||
r-devel-linux-x86_64-fedora-gcc | 0.1.5 | 75.87 | NOTE | |||
r-devel-windows-x86_64 | 0.1.5 | 7.00 | 59.00 | 66.00 | NOTE | |
r-patched-linux-x86_64 | 0.1.5 | 7.06 | 55.22 | 62.28 | NOTE | |
r-release-linux-x86_64 | 0.1.5 | 4.86 | 54.26 | 59.12 | OK | |
r-release-macos-arm64 | 0.1.5 | 28.00 | NOTE | |||
r-release-windows-x86_64 | 0.1.5 | 7.00 | 58.00 | 65.00 | NOTE | |
r-oldrel-macos-arm64 | 0.1.5 | 27.00 | OK | |||
r-oldrel-macos-x86_64 | 0.1.5 | 39.00 | OK | |||
r-oldrel-windows-x86_64 | 0.1.5 | 11.00 | 65.00 | 76.00 | OK |
Version: 0.1.5
Check: Rd files
Result: NOTE
checkRd: (-1) speech_recompiler.Rd:25: Lost braces; missing escapes or markup?
25 | The default compilation is that of \ code {speech_build (., compiler = TRUE}).
| ^
Flavors: r-devel-linux-x86_64-debian-clang, r-devel-linux-x86_64-debian-gcc, r-devel-linux-x86_64-fedora-clang, r-devel-linux-x86_64-fedora-gcc, r-devel-windows-x86_64, r-patched-linux-x86_64, r-release-macos-arm64, r-release-windows-x86_64