Last updated on 2024-03-29 09:55:37 CET.
Flavor | Version | Tinstall | Tcheck | Ttotal | Status | Flags |
---|---|---|---|---|---|---|
r-devel-linux-x86_64-debian-clang | 1.0.2 | 43.40 | 43.51 | 86.91 | NOTE | |
r-devel-linux-x86_64-debian-gcc | 1.0.2 | 44.96 | 33.90 | 78.86 | NOTE | |
r-devel-linux-x86_64-fedora-clang | 1.0.2 | 136.50 | NOTE | |||
r-devel-linux-x86_64-fedora-gcc | 1.0.2 | 156.53 | NOTE | |||
r-devel-windows-x86_64 | 1.0.2 | 44.00 | 75.00 | 119.00 | NOTE | |
r-patched-linux-x86_64 | 1.0.2 | 46.08 | 43.12 | 89.20 | NOTE | |
r-release-linux-x86_64 | 1.0.2 | 41.88 | 41.58 | 83.46 | NOTE | |
r-release-macos-arm64 | 1.0.2 | 52.00 | NOTE | |||
r-release-macos-x86_64 | 1.0.2 | 95.00 | NOTE | |||
r-release-windows-x86_64 | 1.0.2 | 55.00 | 91.00 | 146.00 | NOTE | |
r-oldrel-macos-arm64 | 1.0.2 | 41.00 | NOTE | |||
r-oldrel-windows-x86_64 | 1.0.2 | 55.00 | 88.00 | 143.00 | OK |
Version: 1.0.2
Check: C++ specification
Result: NOTE
Specified C++11: please drop specification unless essential
Flavors: r-devel-linux-x86_64-debian-clang, r-devel-linux-x86_64-debian-gcc, r-devel-linux-x86_64-fedora-clang, r-devel-linux-x86_64-fedora-gcc, r-devel-windows-x86_64, r-patched-linux-x86_64, r-release-linux-x86_64, r-release-macos-arm64, r-release-macos-x86_64, r-release-windows-x86_64
Version: 1.0.2
Check: installed package size
Result: NOTE
installed size is 7.3Mb
sub-directories of 1Mb or more:
libs 7.0Mb
Flavors: r-release-macos-arm64, r-release-macos-x86_64, r-oldrel-macos-arm64