Last updated on 2024-04-17 10:41:51 CEST.
Flavor | Version | Tinstall | Tcheck | Ttotal | Status | Flags |
---|---|---|---|---|---|---|
r-devel-linux-x86_64-debian-clang | 0.2.3 | 68.91 | 104.78 | 173.69 | OK | |
r-devel-linux-x86_64-debian-gcc | 0.2.3 | 53.39 | 75.95 | 129.34 | OK | |
r-devel-linux-x86_64-fedora-clang | 0.2.3 | 256.46 | OK | |||
r-devel-linux-x86_64-fedora-gcc | 0.2.3 | 265.42 | OK | |||
r-prerel-macos-arm64 | 0.2.3 | 59.00 | NOTE | |||
r-prerel-macos-x86_64 | 0.2.3 | 101.00 | NOTE | |||
r-prerel-windows-x86_64 | 0.2.3 | 54.00 | 117.00 | 171.00 | OK | |
r-patched-linux-x86_64 | 0.2.3 | 66.53 | 98.26 | 164.79 | OK | |
r-release-linux-x86_64 | 0.2.3 | 69.24 | 84.71 | 153.95 | OK | |
r-release-macos-arm64 | 0.2.3 | 62.00 | NOTE | |||
r-release-macos-x86_64 | 0.2.3 | 107.00 | NOTE | |||
r-release-windows-x86_64 | 0.2.3 | 69.00 | 124.00 | 193.00 | OK | |
r-oldrel-macos-arm64 | 0.2.3 | 52.00 | NOTE | |||
r-oldrel-windows-x86_64 | 0.2.3 | 65.00 | 118.00 | 183.00 | OK |
Version: 0.2.3
Check: installed package size
Result: NOTE
installed size is 7.0Mb
sub-directories of 1Mb or more:
doc 3.1Mb
libs 3.5Mb
Flavors: r-prerel-macos-arm64, r-prerel-macos-x86_64, r-release-macos-arm64, r-release-macos-x86_64, r-oldrel-macos-arm64