CRAN Package Check Results for Package spectralAnalysis

Last updated on 2022-06-28 12:52:37 CEST.

Flavor Version Tinstall Tcheck Ttotal Status Flags
r-devel-linux-x86_64-debian-clang 3.12.0 20.29 148.74 169.03 NOTE
r-devel-linux-x86_64-debian-gcc 3.12.0 15.28 107.80 123.08 NOTE
r-devel-linux-x86_64-fedora-clang 3.12.0 200.09 NOTE
r-devel-linux-x86_64-fedora-gcc 3.12.0 201.15 NOTE
r-devel-windows-x86_64 3.12.0 348.00 165.00 513.00 NOTE
r-patched-linux-x86_64 3.12.0 18.25 141.44 159.69 NOTE
r-release-linux-x86_64 3.12.0 12.60 137.17 149.77 NOTE
r-release-macos-arm64 3.12.0 58.00 NOTE
r-release-macos-x86_64 3.12.0 92.00 NOTE
r-release-windows-x86_64 3.12.0 336.00 161.00 497.00 NOTE
r-oldrel-macos-arm64 3.12.0 68.00 NOTE
r-oldrel-macos-x86_64 3.12.0 99.00 NOTE
r-oldrel-windows-ix86+x86_64 3.12.0 41.00 167.00 208.00 NOTE

Check Details

Version: 3.12.0
Check: LazyData
Result: NOTE
     'LazyData' is specified without a 'data' directory
Flavors: r-devel-linux-x86_64-debian-clang, r-devel-linux-x86_64-debian-gcc, r-devel-linux-x86_64-fedora-clang, r-devel-linux-x86_64-fedora-gcc, r-devel-windows-x86_64, r-patched-linux-x86_64, r-release-linux-x86_64, r-release-macos-arm64, r-release-macos-x86_64, r-release-windows-x86_64, r-oldrel-macos-arm64, r-oldrel-macos-x86_64, r-oldrel-windows-ix86+x86_64