Last updated on 2024-04-17 10:41:51 CEST.
Flavor | Version | Tinstall | Tcheck | Ttotal | Status | Flags |
---|---|---|---|---|---|---|
r-devel-linux-x86_64-debian-clang | 0.4-2 | 14.00 | 218.77 | 232.77 | NOTE | |
r-devel-linux-x86_64-debian-gcc | 0.4-2 | 9.90 | 156.81 | 166.71 | NOTE | |
r-devel-linux-x86_64-fedora-clang | 0.4-2 | 286.94 | NOTE | |||
r-devel-linux-x86_64-fedora-gcc | 0.4-2 | 292.27 | NOTE | |||
r-prerel-macos-arm64 | 0.4-2 | 86.00 | NOTE | |||
r-prerel-windows-x86_64 | 0.4-2 | 11.00 | 153.00 | 164.00 | NOTE | |
r-patched-linux-x86_64 | 0.4-2 | 14.39 | 208.30 | 222.69 | NOTE | |
r-release-linux-x86_64 | 0.4-2 | 15.12 | 210.55 | 225.67 | OK | |
r-release-macos-arm64 | 0.4-2 | 85.00 | OK | |||
r-release-macos-x86_64 | 0.4-2 | 175.00 | OK | |||
r-release-windows-x86_64 | 0.4-2 | 17.00 | 204.00 | 221.00 | OK | |
r-oldrel-macos-arm64 | 0.4-2 | 81.00 | OK | |||
r-oldrel-windows-x86_64 | 0.4-2 | 17.00 | 196.00 | 213.00 | OK |
Version: 0.4-2
Check: Rd files
Result: NOTE
checkRd: (-1) NEWS.Rd:137: Escaped LaTeX specials: \&
Flavors: r-devel-linux-x86_64-debian-clang, r-devel-linux-x86_64-debian-gcc, r-devel-linux-x86_64-fedora-clang, r-devel-linux-x86_64-fedora-gcc, r-prerel-macos-arm64, r-prerel-windows-x86_64, r-patched-linux-x86_64