Last updated on 2022-06-25 10:53:15 CEST.
Flavor | Version | Tinstall | Tcheck | Ttotal | Status | Flags |
---|---|---|---|---|---|---|
r-devel-linux-x86_64-debian-clang | 1.8 | 53.85 | 503.64 | 557.49 | OK | |
r-devel-linux-x86_64-debian-gcc | 1.8 | 45.09 | 360.37 | 405.46 | OK | |
r-devel-linux-x86_64-fedora-clang | 1.8 | 645.34 | NOTE | |||
r-devel-linux-x86_64-fedora-gcc | 1.8 | 656.21 | NOTE | |||
r-devel-windows-x86_64 | 1.8 | 134.00 | 456.00 | 590.00 | OK | |
r-patched-linux-x86_64 | 1.8 | 51.57 | 471.99 | 523.56 | OK | |
r-release-linux-x86_64 | 1.8 | 43.80 | 477.43 | 521.23 | OK | |
r-release-macos-arm64 | 1.8 | 131.00 | NOTE | |||
r-release-macos-x86_64 | 1.8 | 203.00 | NOTE | |||
r-release-windows-x86_64 | 1.8 | 136.00 | 451.00 | 587.00 | OK | |
r-oldrel-macos-arm64 | 1.8 | 113.00 | NOTE | |||
r-oldrel-macos-x86_64 | 1.8 | 198.00 | NOTE | |||
r-oldrel-windows-ix86+x86_64 | 1.8 | 106.00 | 470.00 | 576.00 | OK |
Version: 1.8
Check: dependencies in R code
Result: NOTE
Namespace in Imports field not imported from: ‘spatstat’
All declared Imports should be used.
Flavors: r-devel-linux-x86_64-fedora-clang, r-devel-linux-x86_64-fedora-gcc, r-release-macos-arm64, r-release-macos-x86_64, r-oldrel-macos-arm64, r-oldrel-macos-x86_64